divisor of 291326901 and 1203.
1203
Calculate the greatest common divisor of 249095825 and 275.
275
What is the highest common divisor of 2513244 and 871036?
5548
What is the highest common factor of 288992938 and 78?
26
What is the greatest common factor of 17186 and 476814?
26
What is the greatest common factor of 28196350 and 81900?
4550
Calculate the greatest common divisor of 127484 and 22852.
116
Calculate the highest common factor of 12752964 and 139860.
756
What is the greatest common factor of 49926756 and 2508?
2508
What is the highest common factor of 51319992 and 717?
717
What is the greatest common factor of 949 and 778837?
73
What is the highest common divisor of 5090430 and 510?
30
What is the highest common divisor of 9030 and 1057372365?
4515
Calculate the greatest common divisor of 130442383 and 31156.
7789
What is the highest common divisor of 686890 and 13410?
1490
What is the highest common factor of 888135096 and 1284?
1284
What is the greatest common factor of 3520 and 329408?
64
Calculate the greatest common factor of 241699 and 95.
19
What is the greatest common factor of 5577 and 12526107?
33
Calculate the highest common factor of 486 and 4848.
6
Calculate the greatest common divisor of 229364 and 49487.
17
Calculate the greatest common divisor of 265195290 and 1646.
1646
Calculate the highest common factor of 16500555 and 331785.
3285
What is the greatest common factor of 36 and 2089280?
4
What is the highest common divisor of 8095 and 391511437?
1619
Calculate the greatest common factor of 570 and 117280806.
114
Calculate the greatest common factor of 2116779 and 84.
21
What is the greatest common divisor of 1548 and 27011052?
1548
Calculate the highest common factor of 27098 and 98124.
34
What is the greatest common factor of 120 and 275514612?
12
Calculate the highest common factor of 1084435 and 330.
55
Calculate the highest common divisor of 580 and 113456004.
116
What is the highest common factor of 16015636 and 276?
92
What is the highest common divisor of 13080 and 14126836?
436
Calculate the highest common divisor of 832573 and 6391.
581
What is the highest common divisor of 58582 and 2414?
34
Calculate the greatest common factor of 296707134 and 48.
6
Calculate the highest common divisor of 1443 and 2977143.
39
Calculate the greatest common factor of 22304 and 3433504.
1312
Calculate the greatest common factor of 15008 and 1428574.
938
What is the greatest common divisor of 2716 and 368928?
28
Calculate the greatest common divisor of 9959 and 192487.
23
What is the greatest common factor of 70 and 1716866480?
70
What is the greatest common factor of 12051 and 45942429?
4017
What is the greatest common factor of 6714631 and 343?
7
Calculate the greatest common factor of 707377 and 4922.
107
Calculate the greatest common divisor of 6960208 and 3808.
272
Calculate the highest common divisor of 281518 and 406.
2
Calculate the greatest common divisor of 8589119 and 539.
77
What is the highest common divisor of 2816 and 1967073152?
1408
Calculate the highest common divisor of 97713 and 18095.
3619
Calculate the highest common divisor of 39627 and 285566.
629
What is the highest common factor of 1539173 and 18517988?
5989
Calculate the highest common divisor of 22939 and 219637648.
3277
What is the greatest common factor of 596 and 22334951?
149
What is the highest common factor of 15297351 and 6522?
3261
What is the greatest common divisor of 69391 and 28198?
23
Calculate the highest common factor of 45806536 and 90332.
8212
Calculate the greatest common divisor of 3441835 and 222305.
865
Calculate the highest common factor of 24209604 and 99.
9
What is the greatest common factor of 43275 and 33675?
75
Calculate the highest common divisor of 147085865 and 3180.
265
Calculate the highest common divisor of 177 and 966895245.
177
What is the greatest common factor of 218023906 and 111?
37
Calculate the greatest common factor of 17427543 and 504.
21
What is the highest common divisor of 4985045 and 14905?
1355
What is the highest common divisor of 13698666 and 54?
54
Calculate the greatest common factor of 1168865 and 43960.
785
Calculate the greatest common factor of 113008080 and 88.
8
What is the greatest common divisor of 42202620 and 956?
956
What is the highest common factor of 4 and 61758908?
4
Calculate the highest common factor of 3246 and 184428.
6
Calculate the greatest common divisor of 1087074 and 106272.
2214
What is the greatest common divisor of 485625 and 203?
7
What is the highest common divisor of 486701 and 2327?
179
Calculate the greatest common divisor of 214 and 2132989.
1
Calculate the greatest common divisor of 1102870 and 6470.
10
What is the greatest common factor of 137962 and 51502?
22
What is the highest common factor of 1272908 and 8608?
1076
Calculate the greatest common divisor of 3356673 and 159.
3
Calculate the greatest common divisor of 962820 and 810.
270
Calculate the highest common factor of 188761 and 610305.
667
Calculate the highest common factor of 371094 and 60.
6
Calculate the greatest common factor of 249341091 and 527.
527
What is the greatest common divisor of 162131211 and 2937?
2937
What is the greatest common divisor of 2047 and 6067664?
89
Calculate the highest common divisor of 2409 and 7055523.
219
What is the greatest common factor of 7030500 and 133500?
1500
What is the highest common divisor of 44907324 and 4004?
308
What is the highest common divisor of 234 and 221377?
13
Calculate the greatest common factor of 213601 and 26381.
851
What is the highest common divisor of 316701 and 25641?
693
Calculate the highest common divisor of 7146 and 3160914.
2382
What is the highest common factor of 738 and 578346?
246
What is the highest common divisor of 17468704 and 704?
352
Calculate the highest common divisor of 26624 and 559.
13
What is the greatest common divisor of 565780 and 940?
20
Calculate the highest common divisor of 822 and 921371169.
411
What is the highest common divisor of 852 and 844944?
12
What is the highest common divisor of 710439772 and 1855?
371
Calculate the highest common factor of 559 and 27833.
13
What is the greatest common factor of 873347810 and 1240?
310
What is the greatest common divisor of 65988 and 44369?
13
What is the greatest common divisor of 2700 and 104628780?
540
What is the greatest common factor of 14145 and 476625?
615
What is the greatest common divisor of 2246553 and 8136?
1017
What is the highest common factor of 7 and 3387286?
7
What is the greatest common divisor of 1057984 and 24400?
976
What is the greatest common factor of 3376284 and 36?
12
What is the highest common divisor of 38475 and 334659825?
4275
What is the highest common divisor of 2429895165 and 1285?
1285
What is the highest common factor of 109218064 and 68?
68
Calculate the greatest common factor of 7 and 29716499.
1
Calculate the greatest common divisor of 124233250 and 22855.
3265
Calculate the greatest common divisor of 4410 and 714966.
42
What is the greatest common divisor of 7452 and 59732748?
2484
Calculate the highest common factor of 2758784 and 630.
14
Calculate the greatest common divisor of 492 and 45680601.
123
What is the greatest common factor of 3971821 and 5782?
413
What is the highest common divisor of 30260185 and 775?
155
What is the highest common factor of 3100416 and 53504?
2816
What is the greatest common factor of 1328497284 and 9756?
3252
Calculate the highest common factor of 89793 and 512424.
99
Calculate the highest common divisor of 17064 and 122676.
12
Calculate the highest common factor of 5776672 and 4752.
176
What is the highest common factor of 14 and 1190902118?
14
What is the greatest common divisor of 198 and 601062?
66
Calculate the highest common factor of 62128 and 254188.
44
Calculate the greatest common divisor of 415 and 14906219.
83
Calculate the highest common divisor of 1588951 and 3686.
19
What is the greatest common factor of 93060 and 61280?
20
What is the highest common divisor of 825307 and 3136?
49
Calculate the greatest common factor of 126587 and 61491.
103
Calculate the highest common factor of 9567 and 106579569.
3189
What is the greatest common divisor of 28 and 4553794?
14
What is the high